{"id":1296,"date":"2024-04-07T09:20:10","date_gmt":"2024-04-07T07:20:10","guid":{"rendered":"https:\/\/aleeco.pl\/?page_id=1296"},"modified":"2024-04-07T10:08:44","modified_gmt":"2024-04-07T08:08:44","slug":"kontakt","status":"publish","type":"page","link":"https:\/\/aleeco.pl\/index.php\/kontakt\/","title":{"rendered":"Kontakt"},"content":{"rendered":"\t\t<div data-elementor-type=\"wp-page\" data-elementor-id=\"1296\" class=\"elementor elementor-1296\">\n\t\t\t\t\t\t<section class=\"elementor-section elementor-top-section elementor-element elementor-element-e986bab elementor-section-boxed elementor-section-height-default elementor-section-height-default\" data-id=\"e986bab\" data-element_type=\"section\">\n\t\t\t\t\t\t<div class=\"elementor-container elementor-column-gap-default\">\n\t\t\t\t\t<div class=\"elementor-column elementor-col-100 elementor-top-column elementor-element elementor-element-d1d57c6\" data-id=\"d1d57c6\" data-element_type=\"column\">\n\t\t\t<div class=\"elementor-widget-wrap elementor-element-populated\">\n\t\t\t\t\t\t<section class=\"elementor-section elementor-inner-section elementor-element elementor-element-bf2d60f elementor-section-boxed elementor-section-height-default elementor-section-height-default\" data-id=\"bf2d60f\" data-element_type=\"section\">\n\t\t\t\t\t\t<div class=\"elementor-container elementor-column-gap-default\">\n\t\t\t\t\t<div class=\"elementor-column elementor-col-100 elementor-inner-column elementor-element elementor-element-e8e6022\" data-id=\"e8e6022\" data-element_type=\"column\">\n\t\t\t<div class=\"elementor-widget-wrap elementor-element-populated\">\n\t\t\t\t\t\t<div class=\"elementor-element elementor-element-4598b26 elementor-widget elementor-widget-image\" data-id=\"4598b26\" data-element_type=\"widget\" data-widget_type=\"image.default\">\n\t\t\t\t<div class=\"elementor-widget-container\">\n\t\t\t<style>\/*! elementor - v3.21.0 - 26-05-2024 *\/\n.elementor-widget-image{text-align:center}.elementor-widget-image a{display:inline-block}.elementor-widget-image a img[src$=\".svg\"]{width:48px}.elementor-widget-image img{vertical-align:middle;display:inline-block}<\/style>\t\t\t\t\t\t\t\t\t\t<img fetchpriority=\"high\" decoding=\"async\" width=\"724\" height=\"1024\" src=\"https:\/\/aleeco.pl\/wp-content\/uploads\/2023\/11\/EKO-OTWARCIE-1-724x1024.png\" class=\"attachment-large size-large wp-image-959\" alt=\"\" srcset=\"https:\/\/aleeco.pl\/wp-content\/uploads\/2023\/11\/EKO-OTWARCIE-1-724x1024.png 724w, https:\/\/aleeco.pl\/wp-content\/uploads\/2023\/11\/EKO-OTWARCIE-1-600x849.png 600w, https:\/\/aleeco.pl\/wp-content\/uploads\/2023\/11\/EKO-OTWARCIE-1-212x300.png 212w, https:\/\/aleeco.pl\/wp-content\/uploads\/2023\/11\/EKO-OTWARCIE-1-768x1086.png 768w, https:\/\/aleeco.pl\/wp-content\/uploads\/2023\/11\/EKO-OTWARCIE-1-1086x1536.png 1086w, https:\/\/aleeco.pl\/wp-content\/uploads\/2023\/11\/EKO-OTWARCIE-1-1448x2048.png 1448w\" sizes=\"(max-width: 724px) 100vw, 724px\" \/>\t\t\t\t\t\t\t\t\t\t\t\t\t<\/div>\n\t\t\t\t<\/div>\n\t\t\t\t\t<\/div>\n\t\t<\/div>\n\t\t\t\t\t<\/div>\n\t\t<\/section>\n\t\t\t\t\t<\/div>\n\t\t<\/div>\n\t\t\t\t\t<\/div>\n\t\t<\/section>\n\t\t\t\t<section class=\"elementor-section elementor-top-section elementor-element elementor-element-428b8cb elementor-section-boxed elementor-section-height-default elementor-section-height-default\" data-id=\"428b8cb\" data-element_type=\"section\">\n\t\t\t\t\t\t<div class=\"elementor-container elementor-column-gap-default\">\n\t\t\t\t\t<div class=\"elementor-column elementor-col-100 elementor-top-column elementor-element elementor-element-7a4c1f9\" data-id=\"7a4c1f9\" data-element_type=\"column\">\n\t\t\t<div class=\"elementor-widget-wrap elementor-element-populated\">\n\t\t\t\t\t\t<section class=\"elementor-section elementor-inner-section elementor-element elementor-element-4581aa9 elementor-section-boxed elementor-section-height-default elementor-section-height-default\" data-id=\"4581aa9\" data-element_type=\"section\">\n\t\t\t\t\t\t<div class=\"elementor-container elementor-column-gap-default\">\n\t\t\t\t\t<div class=\"elementor-column elementor-col-50 elementor-inner-column elementor-element elementor-element-684d4e4\" data-id=\"684d4e4\" data-element_type=\"column\">\n\t\t\t<div class=\"elementor-widget-wrap elementor-element-populated\">\n\t\t\t\t\t\t<div class=\"elementor-element elementor-element-cc3b19c elementor-widget elementor-widget-heading\" data-id=\"cc3b19c\" data-element_type=\"widget\" data-widget_type=\"heading.default\">\n\t\t\t\t<div class=\"elementor-widget-container\">\n\t\t\t<style>\/*! elementor - v3.21.0 - 26-05-2024 *\/\n.elementor-heading-title{padding:0;margin:0;line-height:1}.elementor-widget-heading .elementor-heading-title[class*=elementor-size-]>a{color:inherit;font-size:inherit;line-height:inherit}.elementor-widget-heading .elementor-heading-title.elementor-size-small{font-size:15px}.elementor-widget-heading .elementor-heading-title.elementor-size-medium{font-size:19px}.elementor-widget-heading .elementor-heading-title.elementor-size-large{font-size:29px}.elementor-widget-heading .elementor-heading-title.elementor-size-xl{font-size:39px}.elementor-widget-heading .elementor-heading-title.elementor-size-xxl{font-size:59px}<\/style><h2 class=\"elementor-heading-title elementor-size-default\">Kontakt<\/h2>\t\t<\/div>\n\t\t\t\t<\/div>\n\t\t\t\t<div class=\"elementor-element elementor-element-4840add elementor-widget elementor-widget-text-editor\" data-id=\"4840add\" data-element_type=\"widget\" data-widget_type=\"text-editor.default\">\n\t\t\t\t<div class=\"elementor-widget-container\">\n\t\t\t<style>\/*! elementor - v3.21.0 - 26-05-2024 *\/\n.elementor-widget-text-editor.elementor-drop-cap-view-stacked .elementor-drop-cap{background-color:#69727d;color:#fff}.elementor-widget-text-editor.elementor-drop-cap-view-framed .elementor-drop-cap{color:#69727d;border:3px solid;background-color:transparent}.elementor-widget-text-editor:not(.elementor-drop-cap-view-default) .elementor-drop-cap{margin-top:8px}.elementor-widget-text-editor:not(.elementor-drop-cap-view-default) .elementor-drop-cap-letter{width:1em;height:1em}.elementor-widget-text-editor .elementor-drop-cap{float:left;text-align:center;line-height:1;font-size:50px}.elementor-widget-text-editor .elementor-drop-cap-letter{display:inline-block}<\/style>\t\t\t\t<p>Ale Eco Delikatesy Ekologiczne<br \/>ul. Legendy 3<br \/>30-147 Krak\u00f3w<br \/>NIP 6791454395<br \/><br \/>Tel. 729 197 000<br \/>E-mail: sklep@aleeco.pl<\/p>\t\t\t\t\t\t<\/div>\n\t\t\t\t<\/div>\n\t\t\t\t\t<\/div>\n\t\t<\/div>\n\t\t\t\t<div class=\"elementor-column elementor-col-50 elementor-inner-column elementor-element elementor-element-157ead2\" data-id=\"157ead2\" data-element_type=\"column\">\n\t\t\t<div class=\"elementor-widget-wrap elementor-element-populated\">\n\t\t\t\t\t\t<div class=\"elementor-element elementor-element-18f7508 elementor-widget elementor-widget-heading\" data-id=\"18f7508\" data-element_type=\"widget\" data-widget_type=\"heading.default\">\n\t\t\t\t<div class=\"elementor-widget-container\">\n\t\t\t<h2 class=\"elementor-heading-title elementor-size-default\">Godziny otwarcia<\/h2>\t\t<\/div>\n\t\t\t\t<\/div>\n\t\t\t\t<div class=\"elementor-element elementor-element-2576ee5 elementor-widget elementor-widget-text-editor\" data-id=\"2576ee5\" data-element_type=\"widget\" data-widget_type=\"text-editor.default\">\n\t\t\t\t<div class=\"elementor-widget-container\">\n\t\t\t\t\t\t\t<p>Poniedzia\u0142ek &#8211; 8.00 &#8211; 20.00<br \/>Wtorek &#8211; 8.00 &#8211; 20.00<br \/>\u015aroda &#8211; 8.00 &#8211; 20.00<br \/>Czwartek &#8211; 8.00 &#8211; 20.00<br \/>Pi\u0105tek &#8211; 8.00 &#8211; 20.00<br \/>Sobota &#8211; 9.00 &#8211; 15.00<br \/>Niedziela &#8211; Nieczynne<\/p>\t\t\t\t\t\t<\/div>\n\t\t\t\t<\/div>\n\t\t\t\t\t<\/div>\n\t\t<\/div>\n\t\t\t\t\t<\/div>\n\t\t<\/section>\n\t\t\t\t<div class=\"elementor-element elementor-element-ccb53a0 elementor-widget elementor-widget-image\" data-id=\"ccb53a0\" data-element_type=\"widget\" data-widget_type=\"image.default\">\n\t\t\t\t<div class=\"elementor-widget-container\">\n\t\t\t\t\t\t\t\t\t\t\t\t\t<img decoding=\"async\" width=\"1024\" height=\"768\" src=\"https:\/\/aleeco.pl\/wp-content\/uploads\/2022\/05\/sklepik1-17-1024x768.jpg\" class=\"attachment-large size-large wp-image-373\" alt=\"\" srcset=\"https:\/\/aleeco.pl\/wp-content\/uploads\/2022\/05\/sklepik1-17-1024x768.jpg 1024w, https:\/\/aleeco.pl\/wp-content\/uploads\/2022\/05\/sklepik1-17-scaled-600x450.jpg 600w, https:\/\/aleeco.pl\/wp-content\/uploads\/2022\/05\/sklepik1-17-300x225.jpg 300w, https:\/\/aleeco.pl\/wp-content\/uploads\/2022\/05\/sklepik1-17-768x576.jpg 768w, https:\/\/aleeco.pl\/wp-content\/uploads\/2022\/05\/sklepik1-17-1536x1152.jpg 1536w, https:\/\/aleeco.pl\/wp-content\/uploads\/2022\/05\/sklepik1-17-2048x1536.jpg 2048w\" sizes=\"(max-width: 1024px) 100vw, 1024px\" \/>\t\t\t\t\t\t\t\t\t\t\t\t\t<\/div>\n\t\t\t\t<\/div>\n\t\t\t\t\t<\/div>\n\t\t<\/div>\n\t\t\t\t\t<\/div>\n\t\t<\/section>\n\t\t\t\t<\/div>\n\t\t","protected":false},"excerpt":{"rendered":"<p>Kontakt Ale Eco Delikatesy Ekologiczneul. Legendy 330-147 Krak\u00f3wNIP 6791454395 Tel. 729 197 000E-mail: sklep@aleeco.pl Godziny otwarcia Poniedzia\u0142ek &#8211; 8.00 &#8211; 20.00Wtorek &#8211; 8.00 &#8211; 20.00\u015aroda &#8211; 8.00 &#8211; 20.00Czwartek &#8211; 8.00 &#8211; 20.00Pi\u0105tek &#8211; 8.00 &#8211; 20.00Sobota &#8211; 9.00 &#8211; 15.00Niedziela &#8211; Nieczynne<\/p>\n","protected":false},"author":1,"featured_media":0,"parent":0,"menu_order":0,"comment_status":"closed","ping_status":"closed","template":"","meta":{"_kadence_starter_templates_imported_post":false,"_kad_post_transparent":"","_kad_post_title":"hide","_kad_post_layout":"fullwidth","_kad_post_sidebar_id":"","_kad_post_content_style":"unboxed","_kad_post_vertical_padding":"hide","_kad_post_feature":"hide","_kad_post_feature_position":"","_kad_post_header":false,"_kad_post_footer":false,"footnotes":""},"class_list":["post-1296","page","type-page","status-publish","hentry"],"yoast_head":"<!-- This site is optimized with the Yoast SEO plugin v23.0 - https:\/\/yoast.com\/wordpress\/plugins\/seo\/ -->\n<title>Kontakt - AleEco<\/title>\n<meta name=\"robots\" content=\"index, follow, max-snippet:-1, max-image-preview:large, max-video-preview:-1\" \/>\n<link rel=\"canonical\" href=\"https:\/\/aleeco.pl\/index.php\/kontakt\/\" \/>\n<meta property=\"og:locale\" content=\"pl_PL\" \/>\n<meta property=\"og:type\" content=\"article\" \/>\n<meta property=\"og:title\" content=\"Kontakt - AleEco\" \/>\n<meta property=\"og:description\" content=\"Kontakt Ale Eco Delikatesy Ekologiczneul. Legendy 330-147 Krak\u00f3wNIP 6791454395 Tel. 729 197 000E-mail: sklep@aleeco.pl Godziny otwarcia Poniedzia\u0142ek &#8211; 8.00 &#8211; 20.00Wtorek &#8211; 8.00 &#8211; 20.00\u015aroda &#8211; 8.00 &#8211; 20.00Czwartek &#8211; 8.00 &#8211; 20.00Pi\u0105tek &#8211; 8.00 &#8211; 20.00Sobota &#8211; 9.00 &#8211; 15.00Niedziela &#8211; Nieczynne\" \/>\n<meta property=\"og:url\" content=\"https:\/\/aleeco.pl\/index.php\/kontakt\/\" \/>\n<meta property=\"og:site_name\" content=\"AleEco\" \/>\n<meta property=\"article:publisher\" content=\"https:\/\/www.facebook.com\/AleEcoDelikatesy\" \/>\n<meta property=\"article:modified_time\" content=\"2024-04-07T08:08:44+00:00\" \/>\n<meta property=\"og:image\" content=\"https:\/\/aleeco.pl\/wp-content\/uploads\/2023\/11\/EKO-OTWARCIE-1-724x1024.png\" \/>\n<meta name=\"twitter:card\" content=\"summary_large_image\" \/>\n<meta name=\"twitter:label1\" content=\"Szacowany czas czytania\" \/>\n\t<meta name=\"twitter:data1\" content=\"1 minuta\" \/>\n<script type=\"application\/ld+json\" class=\"yoast-schema-graph\">{\"@context\":\"https:\/\/schema.org\",\"@graph\":[{\"@type\":\"WebPage\",\"@id\":\"https:\/\/aleeco.pl\/index.php\/kontakt\/\",\"url\":\"https:\/\/aleeco.pl\/index.php\/kontakt\/\",\"name\":\"Kontakt - AleEco\",\"isPartOf\":{\"@id\":\"https:\/\/aleeco.pl\/#website\"},\"primaryImageOfPage\":{\"@id\":\"https:\/\/aleeco.pl\/index.php\/kontakt\/#primaryimage\"},\"image\":{\"@id\":\"https:\/\/aleeco.pl\/index.php\/kontakt\/#primaryimage\"},\"thumbnailUrl\":\"https:\/\/aleeco.pl\/wp-content\/uploads\/2023\/11\/EKO-OTWARCIE-1-724x1024.png\",\"datePublished\":\"2024-04-07T07:20:10+00:00\",\"dateModified\":\"2024-04-07T08:08:44+00:00\",\"breadcrumb\":{\"@id\":\"https:\/\/aleeco.pl\/index.php\/kontakt\/#breadcrumb\"},\"inLanguage\":\"pl-PL\",\"potentialAction\":[{\"@type\":\"ReadAction\",\"target\":[\"https:\/\/aleeco.pl\/index.php\/kontakt\/\"]}]},{\"@type\":\"ImageObject\",\"inLanguage\":\"pl-PL\",\"@id\":\"https:\/\/aleeco.pl\/index.php\/kontakt\/#primaryimage\",\"url\":\"https:\/\/aleeco.pl\/wp-content\/uploads\/2023\/11\/EKO-OTWARCIE-1.png\",\"contentUrl\":\"https:\/\/aleeco.pl\/wp-content\/uploads\/2023\/11\/EKO-OTWARCIE-1.png\",\"width\":2480,\"height\":3508},{\"@type\":\"BreadcrumbList\",\"@id\":\"https:\/\/aleeco.pl\/index.php\/kontakt\/#breadcrumb\",\"itemListElement\":[{\"@type\":\"ListItem\",\"position\":1,\"name\":\"Strona g\u0142\u00f3wna\",\"item\":\"https:\/\/aleeco.pl\/\"},{\"@type\":\"ListItem\",\"position\":2,\"name\":\"Kontakt\"}]},{\"@type\":\"WebSite\",\"@id\":\"https:\/\/aleeco.pl\/#website\",\"url\":\"https:\/\/aleeco.pl\/\",\"name\":\"AleEco\",\"description\":\"Delikatesy Ekologiczne\",\"publisher\":{\"@id\":\"https:\/\/aleeco.pl\/#organization\"},\"potentialAction\":[{\"@type\":\"SearchAction\",\"target\":{\"@type\":\"EntryPoint\",\"urlTemplate\":\"https:\/\/aleeco.pl\/?s={search_term_string}\"},\"query-input\":\"required name=search_term_string\"}],\"inLanguage\":\"pl-PL\"},{\"@type\":\"Organization\",\"@id\":\"https:\/\/aleeco.pl\/#organization\",\"name\":\"Ale Eco Delikatesy Ekologiczne\",\"url\":\"https:\/\/aleeco.pl\/\",\"logo\":{\"@type\":\"ImageObject\",\"inLanguage\":\"pl-PL\",\"@id\":\"https:\/\/aleeco.pl\/#\/schema\/logo\/image\/\",\"url\":\"https:\/\/www.aleeco.pl\/wp-content\/uploads\/2022\/04\/ALEECO-LOGO-PNG.png\",\"contentUrl\":\"https:\/\/www.aleeco.pl\/wp-content\/uploads\/2022\/04\/ALEECO-LOGO-PNG.png\",\"width\":310,\"height\":180,\"caption\":\"Ale Eco Delikatesy Ekologiczne\"},\"image\":{\"@id\":\"https:\/\/aleeco.pl\/#\/schema\/logo\/image\/\"},\"sameAs\":[\"https:\/\/www.facebook.com\/AleEcoDelikatesy\",\"https:\/\/www.instagram.com\/AleEcoDelikatesy\/\"]}]}<\/script>\n<!-- \/ Yoast SEO plugin. -->","yoast_head_json":{"title":"Kontakt - AleEco","robots":{"index":"index","follow":"follow","max-snippet":"max-snippet:-1","max-image-preview":"max-image-preview:large","max-video-preview":"max-video-preview:-1"},"canonical":"https:\/\/aleeco.pl\/index.php\/kontakt\/","og_locale":"pl_PL","og_type":"article","og_title":"Kontakt - AleEco","og_description":"Kontakt Ale Eco Delikatesy Ekologiczneul. Legendy 330-147 Krak\u00f3wNIP 6791454395 Tel. 729 197 000E-mail: sklep@aleeco.pl Godziny otwarcia Poniedzia\u0142ek &#8211; 8.00 &#8211; 20.00Wtorek &#8211; 8.00 &#8211; 20.00\u015aroda &#8211; 8.00 &#8211; 20.00Czwartek &#8211; 8.00 &#8211; 20.00Pi\u0105tek &#8211; 8.00 &#8211; 20.00Sobota &#8211; 9.00 &#8211; 15.00Niedziela &#8211; Nieczynne","og_url":"https:\/\/aleeco.pl\/index.php\/kontakt\/","og_site_name":"AleEco","article_publisher":"https:\/\/www.facebook.com\/AleEcoDelikatesy","article_modified_time":"2024-04-07T08:08:44+00:00","og_image":[{"url":"https:\/\/aleeco.pl\/wp-content\/uploads\/2023\/11\/EKO-OTWARCIE-1-724x1024.png"}],"twitter_card":"summary_large_image","twitter_misc":{"Szacowany czas czytania":"1 minuta"},"schema":{"@context":"https:\/\/schema.org","@graph":[{"@type":"WebPage","@id":"https:\/\/aleeco.pl\/index.php\/kontakt\/","url":"https:\/\/aleeco.pl\/index.php\/kontakt\/","name":"Kontakt - AleEco","isPartOf":{"@id":"https:\/\/aleeco.pl\/#website"},"primaryImageOfPage":{"@id":"https:\/\/aleeco.pl\/index.php\/kontakt\/#primaryimage"},"image":{"@id":"https:\/\/aleeco.pl\/index.php\/kontakt\/#primaryimage"},"thumbnailUrl":"https:\/\/aleeco.pl\/wp-content\/uploads\/2023\/11\/EKO-OTWARCIE-1-724x1024.png","datePublished":"2024-04-07T07:20:10+00:00","dateModified":"2024-04-07T08:08:44+00:00","breadcrumb":{"@id":"https:\/\/aleeco.pl\/index.php\/kontakt\/#breadcrumb"},"inLanguage":"pl-PL","potentialAction":[{"@type":"ReadAction","target":["https:\/\/aleeco.pl\/index.php\/kontakt\/"]}]},{"@type":"ImageObject","inLanguage":"pl-PL","@id":"https:\/\/aleeco.pl\/index.php\/kontakt\/#primaryimage","url":"https:\/\/aleeco.pl\/wp-content\/uploads\/2023\/11\/EKO-OTWARCIE-1.png","contentUrl":"https:\/\/aleeco.pl\/wp-content\/uploads\/2023\/11\/EKO-OTWARCIE-1.png","width":2480,"height":3508},{"@type":"BreadcrumbList","@id":"https:\/\/aleeco.pl\/index.php\/kontakt\/#breadcrumb","itemListElement":[{"@type":"ListItem","position":1,"name":"Strona g\u0142\u00f3wna","item":"https:\/\/aleeco.pl\/"},{"@type":"ListItem","position":2,"name":"Kontakt"}]},{"@type":"WebSite","@id":"https:\/\/aleeco.pl\/#website","url":"https:\/\/aleeco.pl\/","name":"AleEco","description":"Delikatesy Ekologiczne","publisher":{"@id":"https:\/\/aleeco.pl\/#organization"},"potentialAction":[{"@type":"SearchAction","target":{"@type":"EntryPoint","urlTemplate":"https:\/\/aleeco.pl\/?s={search_term_string}"},"query-input":"required name=search_term_string"}],"inLanguage":"pl-PL"},{"@type":"Organization","@id":"https:\/\/aleeco.pl\/#organization","name":"Ale Eco Delikatesy Ekologiczne","url":"https:\/\/aleeco.pl\/","logo":{"@type":"ImageObject","inLanguage":"pl-PL","@id":"https:\/\/aleeco.pl\/#\/schema\/logo\/image\/","url":"https:\/\/www.aleeco.pl\/wp-content\/uploads\/2022\/04\/ALEECO-LOGO-PNG.png","contentUrl":"https:\/\/www.aleeco.pl\/wp-content\/uploads\/2022\/04\/ALEECO-LOGO-PNG.png","width":310,"height":180,"caption":"Ale Eco Delikatesy Ekologiczne"},"image":{"@id":"https:\/\/aleeco.pl\/#\/schema\/logo\/image\/"},"sameAs":["https:\/\/www.facebook.com\/AleEcoDelikatesy","https:\/\/www.instagram.com\/AleEcoDelikatesy\/"]}]}},"_links":{"self":[{"href":"https:\/\/aleeco.pl\/index.php\/wp-json\/wp\/v2\/pages\/1296","targetHints":{"allow":["GET"]}}],"collection":[{"href":"https:\/\/aleeco.pl\/index.php\/wp-json\/wp\/v2\/pages"}],"about":[{"href":"https:\/\/aleeco.pl\/index.php\/wp-json\/wp\/v2\/types\/page"}],"author":[{"embeddable":true,"href":"https:\/\/aleeco.pl\/index.php\/wp-json\/wp\/v2\/users\/1"}],"replies":[{"embeddable":true,"href":"https:\/\/aleeco.pl\/index.php\/wp-json\/wp\/v2\/comments?post=1296"}],"version-history":[{"count":7,"href":"https:\/\/aleeco.pl\/index.php\/wp-json\/wp\/v2\/pages\/1296\/revisions"}],"predecessor-version":[{"id":1352,"href":"https:\/\/aleeco.pl\/index.php\/wp-json\/wp\/v2\/pages\/1296\/revisions\/1352"}],"wp:attachment":[{"href":"https:\/\/aleeco.pl\/index.php\/wp-json\/wp\/v2\/media?parent=1296"}],"curies":[{"name":"wp","href":"https:\/\/api.w.org\/{rel}","templated":true}]}}